?
3, 83, 557
List the prime factors of 40928.
2, 1279
List the prime factors of 39089359.
41, 953399
What are the prime factors of 10584489?
3, 17, 73, 2843
What are the prime factors of 64361?
11, 5851
What are the prime factors of 31306338?
2, 3, 7, 19, 1453
List the prime factors of 15715585.
5, 3143117
List the prime factors of 7225606.
2, 149, 24247
List the prime factors of 706772.
2, 11, 16063
List the prime factors of 93574.
2, 13, 59, 61
List the prime factors of 19596840.
2, 3, 5, 163307
List the prime factors of 9641852.
2, 11, 219133
List the prime factors of 29067.
3, 9689
List the prime factors of 1603420.
2, 5, 7, 13, 881
What are the prime factors of 823905?
3, 5, 17, 359
List the prime factors of 20787870.
2, 3, 5, 692929
List the prime factors of 1451413.
937, 1549
What are the prime factors of 8962958?
2, 4481479
What are the prime factors of 51570?
2, 3, 5, 191
What are the prime factors of 217825?
5, 8713
List the prime factors of 23654040.
2, 3, 5, 197117
List the prime factors of 653260.
2, 5, 89, 367
List the prime factors of 7975655.
5, 431, 3701
List the prime factors of 723313.
37, 113, 173
What are the prime factors of 3628937?
13, 109, 197
What are the prime factors of 10970246?
2, 7, 43, 18223
List the prime factors of 646933.
7, 92419
List the prime factors of 1437635.
5, 19, 37, 409
List the prime factors of 3374058.
2, 3, 17, 19, 1741
What are the prime factors of 1786132?
2, 446533
List the prime factors of 4655749.
7, 59, 11273
List the prime factors of 36440156.
2, 9110039
List the prime factors of 1019515.
5, 7, 29129
List the prime factors of 430402.
2, 7, 71, 433
What are the prime factors of 2854652?
2, 713663
What are the prime factors of 5004009?
3, 41, 71, 191
What are the prime factors of 153123?
3, 43, 1187
What are the prime factors of 4452990?
2, 3, 5, 151, 983
List the prime factors of 1544728.
2, 353, 547
What are the prime factors of 20433857?
20433857
What are the prime factors of 2971210?
2, 5, 11, 27011
List the prime factors of 1949564.
2, 487391
What are the prime factors of 60552?
2, 3, 29
List the prime factors of 229193.
419, 547
What are the prime factors of 11698811?
31, 239, 1579
List the prime factors of 149606.
2, 19, 31, 127
List the prime factors of 8968972.
2, 1187, 1889
List the prime factors of 239263.
239263
List the prime factors of 36783726.
2, 3, 7, 875803
What are the prime factors of 4156824?
2, 3, 7, 109, 227
What are the prime factors of 447539?
521, 859
What are the prime factors of 291271?
291271
List the prime factors of 24202875.
3, 5, 233, 277
What are the prime factors of 7711100?
2, 5, 29, 2659
What are the prime factors of 2823801?
3, 941267
List the prime factors of 4431448.
2, 7, 79133
What are the prime factors of 967040?
2, 5, 1511
List the prime factors of 17074655.
5, 13, 41, 43, 149
List the prime factors of 33263245.
5, 113, 521
List the prime factors of 8476020.
2, 3, 5, 7, 31
What are the prime factors of 12780006?
2, 3, 2130001
What are the prime factors of 2624589?
3, 11, 8837
List the prime factors of 158521.
11, 14411
List the prime factors of 641297.
31, 137, 151
List the prime factors of 12413648.
2, 13, 37, 1613
List the prime factors of 422226.
2, 3, 7, 1117
What are the prime factors of 268937?
268937
List the prime factors of 28977658.
2, 14488829
What are the prime factors of 5081155?
5, 1016231
What are the prime factors of 1964693?
83, 23671
What are the prime factors of 2797821?
3, 13, 2657
What are the prime factors of 27091336?
2, 17, 29, 6869
What are the prime factors of 10334854?
2, 5167427
List the prime factors of 282689.
11, 31, 829
List the prime factors of 377238.
2, 3, 62873
List the prime factors of 5825384.
2, 728173
What are the prime factors of 1467797?
17, 86341
What are the prime factors of 13809?
3, 4603
List the prime factors of 7768400.
2, 5, 19421
What are the prime factors of 7131222?
2, 3, 7, 56597
What are the prime factors of 24233874?
2, 3, 7, 17, 33941
What are the prime factors of 333134?
2, 166567
What are the prime factors of 208144?
2, 13009
What are the prime factors of 9150977?
11, 71, 11717
List the prime factors of 7162968.
2, 3, 157, 1901
List the prime factors of 587841.
3, 19, 10313
List the prime factors of 48597.
3, 97, 167
List the prime factors of 2353994.
2, 283, 4159
What are the prime factors of 3676798?
2, 41, 44839
List the prime factors of 599721.
3, 43, 4649
What are the prime factors of 12162800?
2, 5, 13, 2339
List the prime factors of 4030155.
3, 5, 31, 107
List the prime factors of 1329639.
3, 19, 23327
List the prime factors of 171393.
3, 57131
What are the prime factors of 9344768?
2, 173, 211
List the prime factors of 87717.
3, 7, 4177
List the prime factors of 9916737.
3, 67, 103, 479
List the prime factors of 4533247.
41, 110567
What are the prime factors of 316952?
2, 39619
List the prime factors of 4481479.
4481479
What are the prime factors of 2126297?
2126297
What are the prime factors of 100890?
2, 3, 5, 19, 59
List the prime factors of 2396044.
2, 7, 83, 1031
What are the prime factors of 154664?
2, 19333
List the prime factors of 20419875.
3, 5, 7, 2593
List the prime factors of 16167186.
2, 3, 7, 128311
List the prime factors of 146782.
2, 79, 929
List the prime factors of 338813.
23, 14731
What are the prime factors of 4894445?
5, 79, 12391
What are the prime factors of 15155229?
3, 23, 239, 919
List the prime factors of 280780.
2, 5, 101, 139
What are the prime factors of 988262?
2, 11, 29, 1549
What are the prime factors of 3372460?
2, 5, 7, 13, 17, 109
What are the prime factors of 25018673?
25018673
What are the prime factors of 897721?
11, 81611
List the prime factors of 2828074.
2, 19, 3917
What are the prime factors of 482092?
2, 13, 73, 127
List the prime factors of 7483473.
3, 19, 107, 409
What are the prime factors of 155694?
2, 3, 7, 11, 337
What are the prime factors of 306725?
5, 12269
What are the prime factors of 669260?
2, 5, 109, 307
List the prime factors of 317179.
317179
List the prime factors of 60316.
2, 17, 887
What are the prime factors of 2643004?
2, 7, 13, 53, 137
What are the prime factors of 227872?
2, 7121
What are the prime factors of 947130?
2, 3, 5, 131, 241
List the prime factors of 769286.
2, 7, 54949
List the prime factors of 344641.
11, 17, 19, 97
List the prime factors of 22608146.
2, 11, 1027643
List the prime factors of 62037.
3, 61, 113
What are the prime factors of 242999?
242999
List the prime factors of 85931.
85931
List the prime factors of 3233268.
2, 3, 19, 29, 163
What are the prime factors of 499202?
2, 11, 22691
What are the prime factors of 998419?
998419
List the prime factors of 243616.
2, 23, 331
What are the prime factors of 4225809?
3, 7, 17, 19, 89
List the prime factors of 830855.
5, 107, 1553
What are the prime factors of 9206072?
2, 23, 50033
List the prime factors of 47002.
2, 71, 331
List the prime factors of 1527349.
1527349
List the prime factors of 110866.
2, 7, 7919
What are the prime factors of 238080?
2, 3, 5, 31
List the prime factors of 4637910.
2, 3, 5, 31, 4987
List the prime factors of 17990718.
2, 3, 41, 73133
List the prime factors of 9916725.
3, 5, 7, 13, 1453
What are the prime factors of 338006?
2, 169003
List the prime factors of 1889187.
3, 269, 2341
What are the prime factors of 7250063?
31, 271, 863
What are the prime factors of 2052493?
2052493
List the prime factors of 1894435.
5, 107, 3541
What are the prime factors of 5030508?
2, 3, 7, 59887
What are the prime factors of 3394345?
5, 31, 61, 359
List the prime factors of 15877.
15877
What are the prime factors of 7326090?
2, 3, 5, 81401
What are the prime factors of 38464517?
7, 13, 331, 1277
What are the prime factors of 13199065?
5, 11, 43, 5581
What are the prime factors of 55717?
55717
What are the prime factors of 5429?
61, 89
What are the prime factors of 258129?
3, 23, 29, 43
List the prime factors of 5250796.
2, 1051, 1249
What are the prime factors of 363319?
11, 33029
List the prime factors of 2322889.
59, 39371
What are the prime factors of 7040152?
2, 7, 125717
What are the prime factors of 1562573?
89, 97, 181
What are the prime factors of 346996?
2, 13, 6673
What are the prime factors of 9996190?
2, 5, 157, 6367
List the